85
What is the greatest common divisor of 672 and 8834?
14
Calculate the highest common divisor of 595728 and 96768.
3024
What is the greatest common divisor of 289312 and 50816?
32
What is the highest common divisor of 694859 and 362?
181
What is the highest common factor of 804 and 11402194?
134
What is the highest common divisor of 205576 and 308?
28
What is the highest common divisor of 299231 and 10887?
19
What is the highest common factor of 50 and 3053025?
25
Calculate the highest common divisor of 71 and 1292703319.
71
What is the greatest common divisor of 968 and 477950?
242
Calculate the greatest common divisor of 44 and 206520380.
44
What is the greatest common factor of 241 and 1991330703?
241
What is the greatest common factor of 230316808 and 16?
8
Calculate the greatest common factor of 26175968 and 448.
224
Calculate the greatest common factor of 37885040 and 7400.
1480
Calculate the greatest common divisor of 36652 and 5867652.
3332
What is the greatest common factor of 73437884 and 8?
4
Calculate the highest common factor of 10473426 and 6.
6
What is the highest common factor of 360917 and 66172?
233
Calculate the highest common divisor of 2815413 and 21783.
159
Calculate the greatest common divisor of 4578441 and 28.
7
What is the greatest common divisor of 782032 and 1886704?
592
Calculate the highest common divisor of 212874051 and 13.
13
What is the highest common factor of 201306736 and 606?
202
Calculate the greatest common factor of 149820 and 873042.
1362
Calculate the highest common divisor of 1344281 and 3165.
211
Calculate the greatest common divisor of 146266 and 6.
2
Calculate the greatest common divisor of 259 and 470448377.
259
Calculate the greatest common divisor of 764 and 5587705.
191
Calculate the greatest common factor of 32524844 and 44.
44
What is the greatest common divisor of 2772 and 138060692?
308
What is the greatest common factor of 553367 and 34400?
43
What is the greatest common divisor of 600 and 4584?
24
Calculate the greatest common divisor of 24233706 and 72.
18
Calculate the highest common factor of 3354 and 457789137.
1677
What is the highest common divisor of 171980 and 300?
20
What is the highest common divisor of 110 and 32967550?
110
Calculate the highest common divisor of 225 and 2951525.
25
What is the highest common factor of 18795 and 5032125?
105
Calculate the greatest common factor of 15191 and 37048.
11
Calculate the greatest common divisor of 79608 and 150040.
248
Calculate the highest common divisor of 23149485 and 115.
5
Calculate the greatest common factor of 156 and 892736.
52
What is the highest common factor of 72248 and 639232?
88
Calculate the highest common divisor of 3729 and 7360933.
113
Calculate the highest common divisor of 45339687 and 36.
9
What is the greatest common factor of 31501 and 91995891?
1853
What is the greatest common factor of 15850 and 3497650?
50
Calculate the greatest common factor of 32084079 and 831.
831
What is the highest common factor of 26358613 and 387?
43
What is the highest common divisor of 314 and 123855102?
314
Calculate the greatest common divisor of 9307 and 31406.
41
Calculate the highest common factor of 9032 and 1736402.
2258
What is the greatest common factor of 12748823 and 5909?
311
What is the greatest common factor of 1358 and 4630877?
97
Calculate the greatest common factor of 110630 and 53674790.
4810
What is the highest common divisor of 17271 and 61218?
171
What is the highest common factor of 12264 and 38320800?
168
What is the greatest common factor of 43154 and 12602?
2
Calculate the greatest common factor of 1891 and 363011.
61
What is the greatest common divisor of 13083 and 276801392?
4361
Calculate the highest common factor of 9 and 327293667.
9
What is the greatest common divisor of 324481 and 38911?
167
Calculate the greatest common divisor of 129 and 613550445.
129
Calculate the highest common factor of 14166480 and 402.
402
Calculate the highest common factor of 492962 and 52669.
31
What is the highest common factor of 88073739 and 26?
13
What is the highest common factor of 2474920 and 68040?
280
What is the greatest common factor of 21660829 and 739?
739
Calculate the greatest common divisor of 81 and 581090571.
27
Calculate the greatest common divisor of 28795650 and 600.
150
Calculate the highest common factor of 177639 and 243320.
77
What is the highest common divisor of 293564 and 77420?
316
Calculate the highest common divisor of 6100771 and 23.
1
What is the highest common factor of 459487740 and 220?
20
Calculate the highest common factor of 5857952 and 321107.
3001
Calculate the highest common divisor of 50805 and 320445.
45
What is the highest common divisor of 4395 and 143879994?
879
Calculate the greatest common factor of 6060 and 110944965.
1515
Calculate the highest common factor of 4971936 and 1206.
402
Calculate the highest common divisor of 121162 and 1841152.
58
What is the greatest common factor of 37107 and 1004283?
1197
Calculate the highest common factor of 838417283 and 2123.
2123
Calculate the highest common factor of 359212705 and 290.
145
What is the greatest common factor of 293675261 and 44?
11
Calculate the highest common factor of 135082 and 2156382.
986
Calculate the highest common factor of 61711018 and 124.
62
What is the greatest common factor of 191956 and 6660?
148
What is the highest common factor of 132 and 1108877?
11
What is the highest common divisor of 6161 and 97970?
101
What is the greatest common divisor of 29703185 and 65?
5
Calculate the highest common factor of 1120 and 24516520.
280
What is the highest common factor of 467286 and 874?
38
Calculate the highest common divisor of 293849379 and 81.
9
What is the highest common divisor of 149 and 361113569?
149
Calculate the highest common divisor of 129666600 and 260.
20
What is the greatest common factor of 1092 and 2218476?
156
What is the greatest common divisor of 8168010 and 1200?
30
Calculate the greatest common factor of 27018 and 61878330.
1422
What is the greatest common divisor of 12220785 and 45?
45
What is the highest common divisor of 7060 and 37956325?
1765
What is the greatest common factor of 578228 and 152663?
1351
Calculate the highest common divisor of 17701757 and 34616.
4327
What is the greatest common divisor of 1446410 and 5390?
70
Calculate the highest common factor of 26 and 17228419.
13
What is the greatest common divisor of 8624 and 10071754?
1078
What is the highest common divisor of 9224098 and 884?
442
Calculate the greatest common divisor of 196 and 29534603.
49
Calculate the highest common divisor of 200835 and 221115.
15
What is the greatest common factor of 7444578 and 102?
6
Calculate the highest common factor of 10899771 and 102.
51
Calculate the highest common divisor of 41906888 and 159.
53
What is the highest common factor of 51960396 and 138498?
3378
Calculate the greatest common divisor of 1863824 and 488.
8
Calculate the greatest common divisor of 233609036 and 1972.
1972
Calculate the highest common factor of 1557084101 and 514.
257
Calculate the highest common factor of 8208 and 3130896.
912
What is the greatest common factor of 5066 and 725034?
298
Calculate the greatest common factor of 752 and 5216624.
752
Calculate the greatest common factor of 416780 and 926380.
1820
Calculate the greatest common divisor of 64240176 and 273.
273
What is the greatest common divisor of 26477 and 765397?
29
Calculate the highest common divisor of 350 and 40840450.
350
What is the greatest common divisor of 17457636 and 12?
12
Calculate the greatest common divisor of 115406 and 12692.
38
What is the highest common divisor of 3817 and 130229?
11
Calculate the greatest common divisor of 13 and 8504253.
1
What is the greatest common factor of 18222831 and 4554?
2277
What is the highest common factor of 1983 and 903653761?
661
Calculate the greatest common divisor of 19210 and 9826706.
226
What is the greatest common divisor of 34069 and 56476?
7
What is the highest common factor of 70007235 and 3507?
501
Calculate the highest common factor of 10926 and 366443472.
3642
Calculate the highest common divisor of 11 and 501166292.
11
Calculate the greatest common factor of 322629 and 336110